t) be the first derivative of t**4/4 - 2*t**3 - 3*t**2/2 + 13*t + 4. Let k be j(6). Let f(x) = x**2 + 6*x - 7. What is f(k)?
-12
Let b(r) be the third derivative of r**5/60 + 5*r**4/24 + r**3/6 - 66*r**2. Calculate b(-10).
51
Let w(x) = x**2 - 3*x - 17. Let c be (12/(-10))/(((-6)/(-10))/(-3)). Let l be w(c). Let d(r) = -6*r - 1. Determine d(l).
-7
Suppose -1 = -17*c - 1. Let j(u) = u**3 - u - 2. Determine j(c).
-2
Let h(g) = 6*g**3 - 15*g**2 - 5*g - 11. Let l(z) = z**3 - 3*z**2 - z - 2. Let y(j) = -2*h(j) + 11*l(j). Let k be y(-2). Let q(u) = -10*u - 3. What is q(k)?
17
Let f be 2/4*18/3 - 7. Let g = 7 + f. Let l(z) = z**3 - 4*z**2 + 3*z + 4. What is l(g)?
4
Let f(v) = -9*v - 2*v + 6 + v**2 - 2*v**2 + 2. What is f(-12)?
-4
Suppose 6*s - 7*s - 3 = 0. Let z(v) = -v**3 - 4*v**2. What is z(s)?
-9
Let r be 8/6*(5 + -2). Suppose 0 = -5*l + 3*o - 45, -3*o - 17 = 2*l - r*o. Let j(t) be the first derivative of t**3/3 + 5*t**2/2 - 7*t + 739. Determine j(l).
-1
Let m(y) = -y**3 - 16*y**2 + 18*y + 14. Let f be m(-17). Let b(n) = 244*n**2 + 4*n + 0 - n**3 - 246*n**2 + 3. Calculate b(f).
0
Let t(a) = -a**2 - a - 5. Let d be ((-8)/6)/1*3. Let l(s) = -s**3 - 3*s**2 + 5*s + 5. Let p be l(d). Let g(z) = z**2 - 1. Let j be g(p). Give t(j).
-5
Let u(r) = -r**3 - 12*r**2 - 13*r - 10. Let j be u(-11). Suppose j*c - 7*c = -5. Let i(o) = 3*o**2 + o + 1. Calculate i(c).
3
Suppose 9*x - 22 = 5*x - 2*p, 0 = 2*x + 5*p - 31. Let q be (-2)/(x/((-9)/(-3))) + -3. Let z(f) = 3*f - 1. Determine z(q).
-16
Let z(j) = -3*j**2 - 3*j - 5. Let q(m) = 4*m**2 + 3*m + 6. Let g(h) = 4*q(h) + 5*z(h). Suppose -35*y = 7*y - 168. What is g(y)?
3
Let a(b) = -5*b**2 - 25*b**2 + 0*b + 0*b - 5 + 29*b**2. Calculate a(-4).
-21
Let v = 4 - -1. Let o be 24/(-9)*3/(-4). Let i(n) = -o - 1 + n + 0*n - 4. Give i(v).
-2
Suppose 100 = -14*r + 86. Let z(k) = 1 + 11*k**3 + k + 2*k - 2*k - k**2. Determine z(r).
-12
Let j(z) = -13 - 318*z**2 + z**3 - 3*z + 2*z + 9 + 313*z**2. Calculate j(6).
26
Let c = -776 - -782. Let d(b) be the first derivative of 4*b - c + 1/2*b**2. Calculate d(5).
9
Let f(x) = -x - 309 + x**3 - 299 - 4*x**2 + 606. What is f(5)?
18
Let m(u) = 3*u**2 - 1. Let z be m(-1). Suppose 18 = 5*q - z*q. Suppose 2*h - q = c - 19, -35 = -5*c + 4*h. Let d(l) = -l**3 + 3*l**2 - 2*l + 2. What is d(c)?
-4
Let c(j) = 137*j - 12. Let i be c(2). Let r(u) = 2 - 4 + i*u**2 + 2*u + 1 - 272*u**2. Give r(1).
-9
Let u be -15 + 2 + 40/8. Let g(l) = -3*l**3 - 8*l**2 + 3*l + 5. Let q(p) = -13*p**3 - 32*p**2 + 13*p + 19. Let j(d) = 9*g(d) - 2*q(d). Give j(u).
-1
Let p(n) = n**3 - 16*n**2 + 4*n + 27. Let q(m) = -4*m**3 + 64*m**2 - 19*m - 109. Let v(j) = -11*p(j) - 3*q(j). Determine v(15).
0
Let d(h) = -11*h + 17. Let o(b) = -21*b + 28. Let c(v) = -5*d(v) + 3*o(v). Give c(3).
-25
Let t(p) = -2*p + 4. Let w(x) = 3*x - 3. Let z(m) = -3*t(m) - 4*w(m). Let q be (-2 - -1)/(-6 + 13/2). Give z(q).
12
Let h(m) = -m. Let v(q) be the second derivative of -3/2*q**2 - 4*q + 0 - 1/6*q**3. Let j be v(-7). Determine h(j).
-4
Let j be 216/54 + 47/(-12). Let l(r) be the second derivative of 0 + 3*r + 2*r**2 + 7/6*r**3 - j*r**4. Calculate l(6).
10
Let v(y) be the first derivative of 5*y**2/2 + 8*y - 32. Let q be (-2)/(-4) - (-45)/6. Let k(l) = 2*l + 3. Let o(b) = q*k(b) - 3*v(b). Calculate o(-2).
-2
Let n(s) = -4 + 0 + 4 + s**3 + 7*s + 4 + 8*s**2. Let t(k) = -3*k**2 - 80*k + 20. Let f be t(-27). Calculate n(f).
4
Let f(h) = -3*h**2 - h + 2. Suppose -2*y - 20*y - 44 = 0. What is f(y)?
-8
Let s be (4 - 1)/(9/(-30)). Let a(t) = -t - 13. Let m be a(s). Let q(k) = -4*k**3 + 4*k**2 - k - 1. Let g(y) = y**3. Let i(j) = 5*g(j) + q(j). Determine i(m).
11
Suppose -2*z - 1 = -19. Suppose -p + 2*m = 7, -z = -2*p - p - 4*m. Let l = p - 5. Let r(s) = -s**2 - 7*s. Give r(l).
6
Let b(w) = -w**2 + 10*w - 5. Suppose 8*h - 198 + 110 = 0. Determine b(h).
-16
Let r(v) be the third derivative of -5*v**2 - 1/24*v**5 + 0*v + 7/6*v**3 + 0 + 1/24*v**4. Let d(k) be the first derivative of r(k). Calculate d(2).
-9
Let t(v) = v**3 + 5*v**2 - 6*v - 1. Let u(i) = 2*i**3 + 10*i**2 - 13*i - 1. Let s(k) = 9*t(k) - 4*u(k). Suppose 3*c = -5*d - 7, -2*d = c + 2*d. Calculate s(c).
19
Let m(f) = -5*f - 68. Let c(y) = -1. Let q(s) = 8*c(s) - m(s). What is q(-11)?
5
Let y = -1 - -11. Let f be (1 + 5)*(y + -11). Let a be 2/f*(5 - 5). Let v(h) = h - 6. What is v(a)?
-6
Let l be 5/1*66/55. Let s(b) = -12 - 5*b**3 + l*b + 6*b**3 + 9*b**2 + 3. Determine s(-8).
7
Let c(m) be the first derivative of -m**3/3 + m**2/2 - 8*m - 55. Give c(0).
-8
Let v(g) = 3*g**2 - 4 + 5*g - 2*g - g**3 + g**2. Let l = -33 - -37. Calculate v(l).
8
Let d(j) = -4 + 4 + 4*j. Let n(u) = u**2 - 2*u - 7. Let g = 68 + -64. Let y be n(g). Give d(y).
4
Let r(z) = -z**3 - z**2 - 1. Let s(v) = 5 - 4 + 5*v**2 - 2*v + 1 - 6*v**2. Let n be s(1). What is r(n)?
-1
Let v(c) = c**3 + c**2 - 1. Let f(b) be the second derivative of b**5/20 + 2*b**4/3 - 7*b**2/2 + 4*b. Let l(z) = -f(z) + 6*v(z). What is l(1)?
4
Let s(j) = 15*j - 1. Let u(a) = a**3 - 6*a**2 + 7*a + 7. Let m be u(4). Determine s(m).
44
Let w = -24 + 29. Suppose -2*m = g - 8 - 1, -w*g + 10 = 3*m. Let o(k) = k - 1. Calculate o(m).
4
Let w(x) be the third derivative of x**6/120 + x**5/60 - x**4/24 - 7*x**3/6 - 2*x**2 + 112*x. Calculate w(0).
-7
Let f be 3/(3/5) + -1. Let o(k) = 2*k - 5. Let s be o(4). Let q(j) = f - s + 4*j - 4*j - 3*j. Determine q(-1).
4
Suppose -4*y + 5*g + 3 = 0, 9*g = 4*y + 10*g - 33. Let t(i) = -3*i - 7. Give t(y).
-28
Let w(v) = 6*v**3 - v**2 + 1. Let z(x) = x**3 + 1. Let g(n) = w(n) - z(n). Determine g(1).
4
Let o(p) = -12*p**2 - 5*p**2 + 11*p**2 + p. Suppose 12 = -4*r + 2*v, 3*r - 6 - 11 = -5*v. Determine o(r).
-7
Let l(w) = -14*w**2 + 5 + 11*w + 19*w**2 - 4*w**2. Determine l(-5).
-25
Suppose 603 = 6*o + 3*o. Let l(c) = -c - 68*c**2 + o*c**2 + 5*c - 2. Determine l(5).
-7
Suppose -2*n = 3*h + 17, 5*h = -4*n - 16 - 17. Let f(z) = z**2 + 6*z + 9. Calculate f(n).
16
Let n = 340 + -333. Let t(x) = -x**2 + 9*x - 10. Give t(n).
4
Let g(s) = s + 1. Let m = -31 + 30. Let n be g(m). Let t(q) = -2*q**3 + q - 6 + q**3 + 18. What is t(n)?
12
Let m(n) be the first derivative of 1/2*n**2 - 3*n - 1/3*n**3 - 2. Calculate m(3).
-9
Let d(z) = 4*z**2 + 5*z - 1. Let l(i) = -5*i**2 - 6*i + 2. Let y(j) = -4*d(j) - 3*l(j). Determine y(-2).
-2
Let i(t) = -46*t + 1 - 2 + 48*t. Calculate i(1).
1
Let t(h) = 3*h - 2. Let r be 4/((-3)/(-5 + 26/4)). Determine t(r).
-8
Let b(g) = -3*g**3 + g**2 - 4*g + 1. Let s(w) = 6*w**3 - 2*w**2 + 7*w - 2. Let r(l) = 5*b(l) + 3*s(l). Determine r(-2).
-31
Let c(a) = -a**3 - 6*a**2 - a + 5. Let p be c(-6). Let w(l) = 14*l - p + 16*l - 31*l. What is w(-7)?
-4
Suppose -10*t - 9 = -19*t. Let q(s) = 16*s + 1. What is q(t)?
17
Let p(n) = 10 + 3*n + n**2 + n**3 - 2*n**2 - 4*n - 3. Calculate p(0).
7
Let n(p) = 42*p**3 - 3*p**2 - p + 3. Let d(i) = 43*i**3 - 4*i**2 - i + 5. Let j(z) = -2*d(z) + 3*n(z). Calculate j(-1).
-41
Let z(w) = w**3 - 7*w**2 + 5*w. Let n = 35 - 25. Suppose 5*j = -12 - 8. Let p = j + n. What is z(p)?
-6
Let a(m) = -6*m - 4. Let p(c) = -5 - 9*c + 3*c - 8*c + 6*c. Let k(r) = 5*a(r) - 4*p(r). Calculate k(3).
6
Let i(x) be the first derivative of 1/4*x**4 + 8/3*x**3 + 8*x - 28 + 1/2*x**2. Give i(-8).
0
Suppose 20 = 2*p + 4*c, 4*p - 18 = -4*c + 22. Suppose 0 = 2*h + 3*h - p. Let b(j) = -3*j - 2. What is b(h)?
-8
Let a(m) = 2*m**2 - 30*m - 11. Let v(k) = k**2 - 16*k - 6. Suppose 4*q + 2*n = 16, 15 = -2*q + 4*n + 43. Let t(x) = q*a(x) - 11*v(x). Calculate t(4).
0
Suppose 0*p = 2*p + 2. Let k(j) = 2 + 0 + 7 - 5 - 13*j - 5. Determine k(p).
12
Let j(z) = z**3 + 9*z**2 - 2*z + 4. Let y be 168/378 + (-255)/27. What is j(y)?
22
Let r(m) = m**2 + 4*m + 4. Let b be r(-4). Let z(y) = 1 + 0 + 2 + b*y. Suppose -6*l = -5*l - 3*s + 17, 5*l - 5 = -3*s. Calculate z(l).
-5
Let h(l) = l**3 + 6*l**2 - 2*l - 3. Let s = -121 + 115. What is h(s)?
9
Suppose -3*i - 57*q - 12 = -59*q, 0 = -3*i + 4*q - 6. Let v(r) = r**3 + 5*r**2 - 8*r - 2. Calculate v(i).
10
Suppose -13 = f + 4*t, -3*t - 20 = 4*f + 6. Let w(h) = -h**3 - 4*h**2 + 5*h + 5. Give w(f).
5
Suppose 12*f + 4*x = 8*f + 32, 5*x = -4*f + 36. Let d(p) = 2*p**2 - 6*p**2 + p**2 + 2 + 2*p**2 + 4*p. Give d(f).
2
Let n = -21 - -30. Suppose 0 = -5*m + 2*q + n, -5*m - 3*q = -24 - 0. Let p(h) = h**2 -